 the highest common divisor of z and 107.
107
Let f(j) = -589*j + 9471. Let q be f(16). What is the greatest common factor of q and 12596?
47
Suppose 5*o - 69 - 57 = 4*d, -2*d = 8. Suppose 44 = -43*m - 601. Let r be ((-9)/m*-11)/(15/(-450)). Calculate the highest common divisor of r and o.
22
Let w(h) be the second derivative of h**4/6 + h**3/6 + 325*h**2/2 + 21*h - 3. Let v be w(0). Calculate the highest common factor of 25 and v.
25
Let m be ((-520)/(-14))/((-151)/(-6342)). What is the highest common factor of 120 and m?
120
Suppose -766*f + 762*f - 48 = 0. Let j be 9564/72 - 2/f. Calculate the highest common divisor of j and 38.
19
Suppose 48*t - 43*t = -2*w + 2984, 2*w + 2*t - 2972 = 0. Calculate the highest common factor of 234 and w.
78
Suppose 11*l + 88 + 33 = 550. Calculate the highest common divisor of l and 104.
13
Let q = -58883 - -58885. Let a(b) = -7*b + 1. Let k be a(-3). Calculate the highest common factor of k and q.
2
Suppose -41 = 11*m - 701. Calculate the greatest common divisor of 70 and m.
10
Let z be 4/((-1)/64*-1). Let f(k) = k**2 + 3*k - 43. Let s be f(10). Let d = -55 + s. What is the highest common divisor of d and z?
32
Suppose 0 = -4*a - 3*i + 23, -43*a + 4*i - 29 = -48*a. Calculate the greatest common divisor of a and 3205.
5
Let l = -7368 - -7656. Let g(h) = 11*h**2 - 1. Let k be g(2). Suppose -21 = -2*n + k. Calculate the greatest common divisor of n and l.
32
Let f be (-2)/4 + (-247)/(-26). Let a(b) = -b**3 + 11*b**2 + 4*b - 11. Let x be a(f). Suppose -39 = 4*h - x. Calculate the greatest common factor of 37 and h.
37
Let z(x) = 2*x**3 + 6*x**2 + 14*x + 4. Let a be z(-4). Let p = a + 94. Calculate the greatest common divisor of p and 4.
2
Suppose -2*m - 23 = -103. Suppose 122*w - o - 19566 = 118*w, 2*o = -2*w + 9788. Suppose -6148 = -69*j + w. What is the greatest common factor of m and j?
40
Let v(k) = -k**2 + 21*k + 97. Let r be v(25). Let t be r*-3*26/18. Calculate the greatest common factor of 130 and t.
13
Let q(z) = z**3 + 2*z**2 + 3*z + 4. Let t be q(3). Let i be (1*(-1 - 32))/((-3)/t). Calculate the greatest common factor of i and 58.
58
Let u be 0/(9/(-6)*(-16)/(-12)). Suppose -d + 3*w + 2 = u, 2*w - w - 21 = -4*d. Suppose d*r + 6 = 16. Calculate the highest common factor of r and 8.
2
Let j = 22 + -19. Suppose 4*i - 20 = 2*q, -12*q = -9*q. Suppose -i*z + 75 = -v + 4*v, -j = z. What is the highest common divisor of 120 and v?
30
Let y be -8 + 32 + -10 - -23262. Calculate the highest common divisor of y and 22.
22
Let f be 7 + (-3 - (-4 - -2)). Let x(i) = -5*i**2 - 8*i - 48 - 2*i**3 + 0*i + 3*i**3 + 65. Let r be x(f). Calculate the highest common divisor of r and 1.
1
Suppose -445*h + 387*h + 2668 = 0. Calculate the highest common factor of h and 46.
46
Let k be 19*1*4*1. Suppose -31*q - 71 = -261 - 399. What is the highest common factor of k and q?
19
Suppose 0 = -21*q + 14*q + 14. Let k be 11*2*71/q. Calculate the greatest common factor of 11 and k.
11
Let b be (-255)/(-170) - 337/(-2). Suppose -47*y = -57*y + b. Calculate the greatest common factor of 153 and y.
17
Let l = 532 - -72. Suppose 676 = 16*j - l. Calculate the highest common factor of j and 600.
40
Suppose -179*k + 60 = -176*k. Suppose -13*c = -k*c + 35. Suppose -3*j - 38 = 2*w - 123, 3*w = c*j + 137. What is the greatest common factor of w and 220?
44
Let b(f) be the first derivative of -4*f**3/3 + 47*f**2/2 + 15*f - 209. Let q be b(12). What is the highest common divisor of q and 1?
1
Let b(s) = -5*s + 23 - 3*s - 138*s**2 + 140*s**2 - 1. Let w be b(-11). Calculate the highest common factor of 32 and w.
32
Let h(f) = 16*f + 170. Suppose 0 = 3*g + 14 - 29. Let w be h(g). What is the greatest common factor of 10 and w?
10
Suppose 5*m - 3 - 7 = 0. Suppose -m*y = 4*y - 36. Suppose 2*k - 6 = y. Calculate the greatest common divisor of k and 8.
2
Suppose 0 = -3352*q + 3358*q - 648. Suppose -5*s = -10*s + 405. Calculate the greatest common divisor of s and q.
27
Suppose 3*s = -s - s. Suppose s = -9*d + 17*d - 176. What is the highest common factor of d and 198?
22
Let a be ((-10)/(-4))/(19/1140). What is the highest common factor of a and 2025?
75
Let h be (-40)/60 - (-1*4 - 780102/27). What is the highest common divisor of 42 and h?
42
Suppose -y + 0*y + 133 = 0. Let h(n) = 3*n**2 + 8*n + 7. Let x be h(-5). Suppose x*r = 37*r + 95. What is the greatest common factor of y and r?
19
Suppose 3*a - 485 = f, 167 + 163 = 2*a - 2*f. What is the greatest common factor of 380 and a?
20
Let x be (100/125*-4)/(2/(-3190)). Calculate the highest common factor of 16 and x.
16
Let w be 26*(6/4 - 1). Let t be (-9696)/(-21) + ((-10)/7)/(-5). Let s = 709 - t. What is the highest common factor of s and w?
13
Suppose 5*q + 220 + 100 = 0. Let g be 9 + 548/(-60) + q/(-30). What is the highest common divisor of g and 11?
1
Suppose 0 = -5*f - 440 - 705. Let k = f + 240. Calculate the highest common divisor of 22 and k.
11
Let l(w) be the second derivative of -4*w**3/3 + 42*w**2 - 18*w. Let b be l(8). What is the highest common divisor of b and 80?
20
Suppose -164*b - 340*b + 4691 = -14965. What is the greatest common factor of 11661 and b?
39
Let g be (-192)/20*(14/147 + (-472)/56). Calculate the greatest common divisor of g and 8440.
40
Let q = 156 - 138. Let b be 130/6 - 30/q. Suppose 3*z - 524 = 16. What is the highest common factor of z and b?
20
Suppose 4*n + 8 = 24. Suppose -k = -240 + 243. Let d be -1 - (60/5)/k. Calculate the highest common factor of d and n.
1
Let a(l) = 10*l**2 - 36*l - 154. Let n be a(16). Calculate the greatest common factor of 30 and n.
30
Let k(j) = 5*j + 1. Suppose -21 = -l - 5. Suppose 0 = 3*x - t - 17, -4*x + l = -2*x - 3*t. Let p be k(x). Calculate the greatest common factor of p and 52.
26
Let q = -13649 + 13745. Let g = 94 - 16. Let n = 110 - g. What is the greatest common factor of n and q?
32
Let k = -603 + 1191. Let h = k - 575. What is the highest common factor of 2197 and h?
13
Suppose 3*b + 207 = 3*m, -m - 5*b = -6 - 51. What is the highest common factor of 8 and m?
1
Let y be (-60)/(6/(-171)*(-26 - -29)). What is the highest common factor of 10 and y?
10
Suppose 0 = -5*t + 39 - 29. Suppose -3*s - o = -4*s - 9, -4*s - o = 21. Let n be (t/s)/((-2)/(-18))*-11. Calculate the greatest common factor of n and 132.
33
Let a be 8/(-144)*8 + (-3522)/(-27). What is the highest common factor of a and 430?
10
Let x be (-2970)/(-20) - (0 + 1/(-2)). Suppose g = x + 41. Calculate the highest common divisor of g and 20.
10
Let l = -1116 - -1211. Calculate the highest common factor of 12160 and l.
95
Let p be -3*64/24 + 466/2. Calculate the greatest common divisor of 1500 and p.
75
Let s(r) = -r - 10. Let y(o) = -4*o - 50. Let b(q) = 33*s(q) - 6*y(q). Let a be b(-5). Let k = -5 - -20. What is the highest common divisor of a and k?
15
Suppose 3*a + 3*h = 3, -4*h = -3*a + 22 + 2. Suppose 4*z = 2*z + c + 752, -a*z = c - 1516. What is the greatest common divisor of 14 and z?
14
Let m = 79 - 73. Let z be (m/(-4))/(12/8 + -2). Let y be (-2 - (z + -2))/(-7 - -4). Calculate the highest common divisor of 4 and y.
1
Let f(a) = -a**2 + 8*a + 4. Suppose -2 = -n - 2*p + 8, -3*n + 9 = -p. Let j be f(n). Suppose j*d = 21*d - 24. Calculate the highest common factor of 48 and d.
24
Suppose -386 = -10*d + 14. Suppose 352 = 2*x - 2*s, 0 = 2*s + 2*s - 16. Calculate the highest common divisor of x and d.
20
Let c(b) = -b**3 + 34*b**2 + 32*b + 99. Let l be c(35). Let r be 24/l - (0 + -134) - -3. What is the greatest common divisor of 190 and r?
19
Let l be (-155)/(-9) - 4/18. Suppose 0 = -4*a + 3*d + 16, 37*a - 2*d - 27 = 32*a. Suppose -455 = -a*q + 21. Calculate the highest common divisor of q and l.
17
Let d = 79 + -174. Let j = d + 106. Let o = 22 - 11. What is the greatest common factor of o and j?
11
Suppose -14*d + 1056 + 1184 = 0. Let s(f) = -f**2 - 16*f - 8. Let t be (3 - (3 - -4)) + -10. Let z be s(t). Calculate the greatest common factor of z and d.
20
Suppose 2*x - 306 = -2*d, -14*x + 3*d = -11*x - 501. Let m be (-6 - -3) + (-99)/(-1). Calculate the greatest common divisor of m and x.
32
Let l be 1/3*((-36)/6 + 9). Let p be l - 15/20 - (-398)/8. What is the highest common factor of 2 and p?
2
Suppose 20*c = 19*c - 697. Let v = -683 - c. What is the 